e factors of g?
3, 4871
Suppose -q + 772 = 4*a, -27*a - 2*q = -28*a + 193. List the prime factors of a.
193
Suppose 300 - 3 = 3*g. Let h = -121 + g. What are the prime factors of (-1852)/h - (-48)/(-264)?
2, 3, 7
Suppose 0 = -5*x - p + 6131, 17*x - 5*p + 1207 = 18*x. Suppose -x = -18*z + 15. What are the prime factors of z?
3, 23
Let p(x) = -x**2 - 3*x + 10. Let h be p(-5). Suppose -5*u - 3*y - 2*y = -1155, -3*u + 2*y + 693 = h. Let g = u - 68. List the prime factors of g.
163
Let f(o) = -16*o + 4 - 9*o + 22*o + 80*o. Let s be f(3). Suppose -3*g + 17 = -s. List the prime factors of g.
2, 3, 7
What are the prime factors of (23 - 41/(-2))/((-2)/(-188))?
3, 29, 47
Let a(d) = -5*d - 4 - d**2 - 260*d**3 + 2*d**2 + 255*d**3. What are the prime factors of a(-3)?
5, 31
Let k be (-5)/((-10)/16) - 1432. Let w = 3247 + k. What are the prime factors of w?
1823
Let j = 3972 - 2353. List the prime factors of j.
1619
Suppose 2*b + o - 2052 = 0, -5*o - 1 - 19 = 0. Suppose -3*h - 239 = -b. What are the prime factors of h?
263
Let a(n) = -4*n**2 - 11*n - 19. Let r be a(-9). List the prime factors of (-4)/2 - (r - 5 - 4).
251
Let s(l) = -751*l - 28. Let g(d) = d. Let j(a) = 4*g(a) + s(a). List the prime factors of j(-1).
719
Let q = -285 + 589. Let c = -209 + q. List the prime factors of c.
5, 19
What are the prime factors of (2/4)/(8/(-36) - 762555/(-3430890))?
97, 131
Suppose 0 = 2*c + 2*w - 9506 - 2168, -2*w = -6. List the prime factors of c.
2, 2917
Let t(v) = -2*v + 580*v**2 + 9*v + 2 - 146*v**2. What are the prime factors of t(-1)?
3, 11, 13
Suppose 0*t - 4*t + 5*v + 41963 = 0, -3*t = -4*v - 31471. What are the prime factors of t?
3, 3499
Suppose 16*m - 26 - 134 = 0. Suppose -4*z + 2*w + 3780 = 0, -4*w = -m*z + 9*z + 938. What are the prime factors of z?
2, 11, 43
Let l = -115 + 285. Suppose 2*q - 2*h - 3*h + 5 = 0, -2*h + 21 = 3*q. Suppose x - 145 = -4*x + 4*r, -q*x - r = -l. What are the prime factors of x?
3, 11
Let k(v) = -9*v**2 + 215*v + 18. List the prime factors of k(10).
2, 317
Let i = -93 - -93. List the prime factors of i*((3 - 7) + 3) + 808.
2, 101
Suppose -62*b = -5*h - 57*b + 31990, -h = 3*b - 6422. What are the prime factors of h?
2, 1601
Let c be (-13265)/(-5)*2*(-2)/(-4). Suppose 10*j - 17*j + c = 0. List the prime factors of j.
379
Let z(y) = 255*y**2 + 127*y + 22. List the prime factors of z(-11).
2, 5, 11, 67
Suppose 2*f - 33568 - 3218 = 4*s, 5*s + 91940 = 5*f. Suppose 13*a = f - 2900. List the prime factors of a.
3, 397
Suppose -3*c + 5*w - 7*w + 37646 = 0, -c = 5*w - 12553. What are the prime factors of c?
2, 3137
Let o(f) = -f - 2. Let s be o(-6). Suppose -3*w + s*y + 487 = 2*w, 2*y = w - 101. Let p = w - 22. What are the prime factors of p?
73
What are the prime factors of (-1 - -4039)*14/6?
2, 7, 673
Let h = -7830 - -69365. What are the prime factors of h?
5, 31, 397
Let h = 33 + -27. Suppose 0 = q - t - 4, -4*q + 5*t = -0*q - 15. Suppose -151 = -q*g - h. What are the prime factors of g?
29
Let i = -13 - -44. Let z = i + -30. What are the prime factors of (95 + 0 + 1 + z)*1?
97
Let s(m) = -4*m**2 - m + 3. Let z be s(0). What are the prime factors of (-156)/9*(-144)/z?
2, 13
Suppose -3*k + 135864 = 2*k + 12*k. List the prime factors of k.
2, 3, 37
Let p be (-1 - 2/4)/((-3)/4916). Suppose -10*g = -8 + p. Let f = g + 467. List the prime factors of f.
2, 3, 37
Let a(b) = 4*b**2 + 1 + 857*b + 2 - 854*b. Let d be (2/1)/(-1)*-2. List the prime factors of a(d).
79
Let c = 13073 + -5602. List the prime factors of c.
31, 241
Let x be ((-76132)/(-18))/(-7) - 8/(-36). Let z = x + 989. What are the prime factors of z?
5, 7, 11
Let q(w) = -125*w - 25. Let c be q(-9). Let f = -747 + c. What are the prime factors of f?
353
Suppose -5*u - 2 - 8 = -3*y, 3*y + 5*u - 20 = 0. Suppose y*l = 2*q - 633, 0 = -q - l + 53 + 260. What are the prime factors of q?
2, 157
Let n(h) = -h**2 + 14*h - 34. Let o be ((-24)/84 - (-144)/14)*1. Let u be n(o). Suppose 2*g + u = -2*t, 2 + 3 = 5*t + g. List the prime factors of t.
2
Let m be (-1)/(-4) - 310/(-8). Suppose 0 = 3*p + x + 4*x + m, -2*x = -3*p - 39. Let y(q) = q**3 + 15*q**2 + 11*q - 14. List the prime factors of y(p).
181
Suppose -4*z - 806 = -2*t, 3 + 6 = 3*t. Let y = z - -275. List the prime factors of y.
3, 5
List the prime factors of 18282/2 - (15 - 11 - 2).
13, 19, 37
Let h = -8 + 20. Suppose 2*u + 2*u = 12, h = -q + 4*u. Suppose 5*o - 789 + 244 = q. What are the prime factors of o?
109
Suppose 0 = -51*s + 50*s + 3. Suppose q + 163 = -0*q + 2*n, 444 = -3*q - s*n. What are the prime factors of (-1 - -3)*q/(-6)?
3, 17
Let a be 2/11 - (-384)/66. Suppose z = a*z + 30. List the prime factors of 7*29 + 7 + z.
2, 3, 17
Let m = -720 - -3988. What are the prime factors of m?
2, 19, 43
Let z be ((-6)/(-7))/(-1)*210/(-30). Let k = 1014 + -399. Suppose z*g - 297 = k. What are the prime factors of g?
2, 19
Suppose 0 = w - 6*w - 20, -3*o - 5*w + 7 = 0. Suppose 2*a - 3632 = -2*x, 0 = o*a - 4*a + 2*x - 9086. List the prime factors of a.
2, 3, 101
Let w(n) = 19*n + 70. Let r be w(12). Let f = -14 + r. List the prime factors of f.
2, 71
Let t(x) = -7*x**2 + 15*x + 36. Let w be t(-10). Let b = -503 - w. List the prime factors of b.
311
Suppose -2*i = -4*g - 3120 + 10960, -4*g = 2*i - 7856. List the prime factors of g.
2, 3, 109
Suppose -5*x - 1340 = -0*x. Let y be (1/2)/((6/x)/(-3)). Let h = y + -29. What are the prime factors of h?
2, 19
Let s = 948 - 943. Suppose -5*i - 45*w = -41*w - 7697, 0 = -2*i - s*w + 3072. List the prime factors of i.
23, 67
Let h(p) = -251*p - 221. Let o(q) = -167*q - 147. Let j(c) = -5*h(c) + 8*o(c). What are the prime factors of j(-6)?
5, 83
Suppose 0 = 19*j - 5*j - 3822. Suppose -k - 4*n + j = 0, -2*k + 9*n = 14*n - 537. What are the prime factors of k?
3, 29
Let c be -3 - (-1 - 29)/3*2. Suppose n + c - 23 = 0. Suppose -i = -n*i + 125. What are the prime factors of i?
5
Let o(i) = -2*i**3 + 144*i**2 - 100*i - 74. List the prime factors of o(64).
2, 29531
Let n(i) be the second derivative of 12*i + 5/3*i**3 - 4*i**2 - 1/20*i**5 + 0 + 1/4*i**4. What are the prime factors of n(-5)?
2, 71
Suppose -4 = 3*g - 2*g - 2*o, 36 = 4*g + 5*o. Suppose 2*d + z = 4*z - 6, -g*d - 5*z - 34 = 0. List the prime factors of 1 + 0 + 36 + -7 + d.
2, 3
Let i be 130/5 + -5 + -6. Let k(t) = -t**2 + 27*t - 23. What are the prime factors of k(i)?
157
Let c = -4235 - -10163. What are the prime factors of c?
2, 3, 13, 19
Suppose 0 = 13*x - 855 - 4644. Suppose -v + 180 = -x. What are the prime factors of v?
3, 67
Let h = -24 + 30. Let a be h + (-2)/6 + (-30)/(-9). Suppose 0 = a*b + b - 960. List the prime factors of b.
2, 3
Suppose -2*j = 4*s + 106, -5*j + 19*s - 23*s = 259. What are the prime factors of (-2 - -8)/((-6)/j)?
3, 17
Suppose 4*v = 5*b - 871, -v + 351 = -3*b + 5*b. Suppose 3*p - 49 = -b. Let k = p - -54. What are the prime factors of k?
2, 3
Suppose 0 = -17*c - 26*c + 33540. Suppose -5*y + z + 3872 = -3*z, y + 2*z - c = 0. What are the prime factors of y?
2, 97
Suppose 2*z - 18*p - 80244 = -z, 0 = -4*p + 2*p. What are the prime factors of z?
2, 3, 743
Let t(q) = -q + 2. Let x(y) = -12*y + 28. Let l(g) = -g**3 - 2*g**2 - 2*g - 4. Let p be l(0). Let s(o) = p*t(o) + x(o). What are the prime factors of s(-9)?
2, 23
Let q = -1213 - -9549. List the prime factors of q.
2, 521
Suppose -11*b + 2*r = -8*b - 120372, -4*b - 5*r = -160542. List the prime factors of b.
2, 3, 11, 19
Let n be 4/(-16) - (-2 + 94/8). Let b be (-402)/(-9) - n/30. Let d = 14 + b. What are the prime factors of d?
59
Let a(p) = -12*p**2 - 213*p - 29. Let b be a(-17). Suppose 2*k - 7*x - 78 = -2*x, b = 4*k - 2*x. What are the prime factors of k?
29
What are the prime factors of (-680)/2210 + (-591569)/(-13)?
5, 19, 479
Suppose 17*j - 47*j = 0. Suppose j = -10*l + 7752 + 1528. What are the prime factors of l?
2, 29
Let f = -84942 + 134854. List the prime factors of f.
2, 17, 367
Let w = -92 - -179. Suppose -6088 = w*x - 95*x. List the prime factors of x.
761
List the prime factors of 1/(-45)*-15 - (-93550)/6.
2, 1949
Let u be (-407)/143 - 2/13 - -465. Suppose u + 609 = 9*l. List the prime factors of l.
7, 17
Suppose 8*d = -d + 1539. Let h(a) = -2*a + 2. Let f be h(-5). Suppose -x + d = f. What are the prime factors of x?
3, 53
Suppose -k + 23 = -34. 